{"id":85,"date":"2014-06-04T17:57:00","date_gmt":"2014-06-04T15:57:00","guid":{"rendered":"http:\/\/ilsez-art.de\/?page_id=85"},"modified":"2024-05-27T22:49:12","modified_gmt":"2024-05-27T20:49:12","slug":"kaffeemalerei","status":"publish","type":"page","link":"https:\/\/ilsez-art.de\/?page_id=85","title":{"rendered":"Kaffeemalerei"},"content":{"rendered":"<p>Ich wurde im Jahr 2008 durch Malfreunde auf diese Malerei aufmerksam gemacht und war sofort davon fasziniert. Dann habe ich \u00fcber 6 Monate experimentiert bis ich mit den Ergebnissen zufrieden war. Ich wollte wissen, wie viel Farbe im Kaffee steckt! F\u00fcr diese\u00a0 Malerei benutze ich ausschlie\u00dflich Kaffee. Diese Art zu malen erinnerte mich an die Sepiamalerei. Mit vielen Hell- und Dunkelt\u00f6nen wird den Bildern Leben eingehaucht, damit sie den Betrachter in ihren Bann ziehen.<\/p>\n<p>Im Jahre\u00a0 1647 \u00f6ffnete das erste Kaffeehaus in Venedig. Bis 1700 entstanden weitere Caf\u00e9s\u00a0 in vielen gr\u00f6\u00dferen St\u00e4dten. Die spezielle Form des Malens mit Kaffee,\u00a0 haben wohl verarmte K\u00fcnstler in Paris\u00a0 entwickelt . Das damals neu in Europa eingef\u00fchrte Genussmittel \u201e<strong>Kaffee\u201c<\/strong>, wurde zu einer Kunstform f\u00fcr Notzeiten, da sich viele K\u00fcnstler in jener Zeit die vorindustriellen Pigmentfarben nicht leisten konnten.<\/p>\n<p>Sollte Sie an einem Bild ein Interesse haben, dann melden Sie sich bitte bei mir.<\/p>\n<p><!-- index.php -->\n<div\n\tclass=\"ngg-galleryoverview\n\t ngg-ajax-pagination-none\t\"\n\tid=\"ngg-gallery-9615a32fa1c26e11f9cd4eab4e8a287d-1\">\n\n\t\t<div class=\"slideshowlink\">\n\t\t<a href='https:\/\/ilsez-art.de\/index.php\/nggallery\/slideshow?page_id=85'>[Zeige eine Slideshow]<\/a>\n\n\t<\/div>\n\t\t\t<!-- Thumbnails -->\n\t\t\t\t<div id=\"ngg-image-0\" class=\"ngg-gallery-thumbnail-box\"\n\t\t\t\t\t\t\t\t\t\t\t>\n\t\t\t\t\t\t<div class=\"ngg-gallery-thumbnail\">\n\t\t\t<a href=\"https:\/\/ilsez-art.de\/wp-content\/gallery\/kaffee\/03-afrik.-Frau-a.JPG\"\n\t\t\t\ttitle=\"Afrikanische Frau mit Rahnen 55x65cm\"\n\t\t\t\tdata-src=\"https:\/\/ilsez-art.de\/wp-content\/gallery\/kaffee\/03-afrik.-Frau-a.JPG\"\n\t\t\t\tdata-thumbnail=\"https:\/\/ilsez-art.de\/wp-content\/gallery\/kaffee\/thumbs\/thumbs_03-afrik.-Frau-a.JPG\"\n\t\t\t\tdata-image-id=\"450\"\n\t\t\t\tdata-title=\"03-afrik.-Frau-a\"\n\t\t\t\tdata-description=\"Afrikanische Frau mit Rahnen 55x65cm\"\n\t\t\t\tdata-image-slug=\"03-afrik-frau-a\"\n\t\t\t\tclass=\"ngg-fancybox\" rel=\"9615a32fa1c26e11f9cd4eab4e8a287d\">\n\t\t\t\t<img\n\t\t\t\t\ttitle=\"03-afrik.-Frau-a\"\n\t\t\t\t\talt=\"03-afrik.-Frau-a\"\n\t\t\t\t\tsrc=\"https:\/\/ilsez-art.de\/wp-content\/gallery\/kaffee\/thumbs\/thumbs_03-afrik.-Frau-a.JPG\"\n\t\t\t\t\twidth=\"120\"\n\t\t\t\t\theight=\"90\"\n\t\t\t\t\tstyle=\"max-width:100%;\"\n\t\t\t\t\/>\n\t\t\t<\/a>\n\t\t<\/div>\n\t\t\t\t\t\t\t<\/div>\n\t\t\t\n\t\t\n\t\t\t\t<div id=\"ngg-image-1\" class=\"ngg-gallery-thumbnail-box\"\n\t\t\t\t\t\t\t\t\t\t\t>\n\t\t\t\t\t\t<div class=\"ngg-gallery-thumbnail\">\n\t\t\t<a href=\"https:\/\/ilsez-art.de\/wp-content\/gallery\/kaffee\/04-kinder-a.JPG\"\n\t\t\t\ttitle=\"Spielende Kinder in Afrika mit Rahnen 55x65cm\"\n\t\t\t\tdata-src=\"https:\/\/ilsez-art.de\/wp-content\/gallery\/kaffee\/04-kinder-a.JPG\"\n\t\t\t\tdata-thumbnail=\"https:\/\/ilsez-art.de\/wp-content\/gallery\/kaffee\/thumbs\/thumbs_04-kinder-a.JPG\"\n\t\t\t\tdata-image-id=\"451\"\n\t\t\t\tdata-title=\"04-kinder-a\"\n\t\t\t\tdata-description=\"Spielende Kinder in Afrika mit Rahnen 55x65cm\"\n\t\t\t\tdata-image-slug=\"04-kinder-a\"\n\t\t\t\tclass=\"ngg-fancybox\" rel=\"9615a32fa1c26e11f9cd4eab4e8a287d\">\n\t\t\t\t<img\n\t\t\t\t\ttitle=\"04-kinder-a\"\n\t\t\t\t\talt=\"04-kinder-a\"\n\t\t\t\t\tsrc=\"https:\/\/ilsez-art.de\/wp-content\/gallery\/kaffee\/thumbs\/thumbs_04-kinder-a.JPG\"\n\t\t\t\t\twidth=\"120\"\n\t\t\t\t\theight=\"90\"\n\t\t\t\t\tstyle=\"max-width:100%;\"\n\t\t\t\t\/>\n\t\t\t<\/a>\n\t\t<\/div>\n\t\t\t\t\t\t\t<\/div>\n\t\t\t\n\t\t\n\t\t\t\t<div id=\"ngg-image-2\" class=\"ngg-gallery-thumbnail-box\"\n\t\t\t\t\t\t\t\t\t\t\t>\n\t\t\t\t\t\t<div class=\"ngg-gallery-thumbnail\">\n\t\t\t<a href=\"https:\/\/ilsez-art.de\/wp-content\/gallery\/kaffee\/05-Loewe-a.JPG\"\n\t\t\t\ttitle=\"L\u00f6we  mit Rahnen 55x65cm\"\n\t\t\t\tdata-src=\"https:\/\/ilsez-art.de\/wp-content\/gallery\/kaffee\/05-Loewe-a.JPG\"\n\t\t\t\tdata-thumbnail=\"https:\/\/ilsez-art.de\/wp-content\/gallery\/kaffee\/thumbs\/thumbs_05-Loewe-a.JPG\"\n\t\t\t\tdata-image-id=\"453\"\n\t\t\t\tdata-title=\"05-Loewe-a\"\n\t\t\t\tdata-description=\"L\u00f6we  mit Rahnen 55x65cm\"\n\t\t\t\tdata-image-slug=\"05-loewe-a\"\n\t\t\t\tclass=\"ngg-fancybox\" rel=\"9615a32fa1c26e11f9cd4eab4e8a287d\">\n\t\t\t\t<img\n\t\t\t\t\ttitle=\"05-Loewe-a\"\n\t\t\t\t\talt=\"05-Loewe-a\"\n\t\t\t\t\tsrc=\"https:\/\/ilsez-art.de\/wp-content\/gallery\/kaffee\/thumbs\/thumbs_05-Loewe-a.JPG\"\n\t\t\t\t\twidth=\"120\"\n\t\t\t\t\theight=\"90\"\n\t\t\t\t\tstyle=\"max-width:100%;\"\n\t\t\t\t\/>\n\t\t\t<\/a>\n\t\t<\/div>\n\t\t\t\t\t\t\t<\/div>\n\t\t\t\n\t\t\n\t\t\t\t<div id=\"ngg-image-3\" class=\"ngg-gallery-thumbnail-box\"\n\t\t\t\t\t\t\t\t\t\t\t>\n\t\t\t\t\t\t<div class=\"ngg-gallery-thumbnail\">\n\t\t\t<a href=\"https:\/\/ilsez-art.de\/wp-content\/gallery\/kaffee\/02-Kaffeebohnen-Zweig-a.JPG\"\n\t\t\t\ttitle=\"Kaffeebohnen-Zweig mit Rahnen 55x65cm\"\n\t\t\t\tdata-src=\"https:\/\/ilsez-art.de\/wp-content\/gallery\/kaffee\/02-Kaffeebohnen-Zweig-a.JPG\"\n\t\t\t\tdata-thumbnail=\"https:\/\/ilsez-art.de\/wp-content\/gallery\/kaffee\/thumbs\/thumbs_02-Kaffeebohnen-Zweig-a.JPG\"\n\t\t\t\tdata-image-id=\"454\"\n\t\t\t\tdata-title=\"02-Kaffeebohnen-Zweig-a\"\n\t\t\t\tdata-description=\"Kaffeebohnen-Zweig mit Rahnen 55x65cm\"\n\t\t\t\tdata-image-slug=\"02-kaffeebohnen-zweig-a\"\n\t\t\t\tclass=\"ngg-fancybox\" rel=\"9615a32fa1c26e11f9cd4eab4e8a287d\">\n\t\t\t\t<img\n\t\t\t\t\ttitle=\"02-Kaffeebohnen-Zweig-a\"\n\t\t\t\t\talt=\"02-Kaffeebohnen-Zweig-a\"\n\t\t\t\t\tsrc=\"https:\/\/ilsez-art.de\/wp-content\/gallery\/kaffee\/thumbs\/thumbs_02-Kaffeebohnen-Zweig-a.JPG\"\n\t\t\t\t\twidth=\"120\"\n\t\t\t\t\theight=\"90\"\n\t\t\t\t\tstyle=\"max-width:100%;\"\n\t\t\t\t\/>\n\t\t\t<\/a>\n\t\t<\/div>\n\t\t\t\t\t\t\t<\/div>\n\t\t\t\n\t\t\n\t\t\t\t<div id=\"ngg-image-4\" class=\"ngg-gallery-thumbnail-box\"\n\t\t\t\t\t\t\t\t\t\t\t>\n\t\t\t\t\t\t<div class=\"ngg-gallery-thumbnail\">\n\t\t\t<a href=\"https:\/\/ilsez-art.de\/wp-content\/gallery\/kaffee\/06-segelschiff-a.JPG\"\n\t\t\t\ttitle=\"Segelschiff mit Rahnen 55x65cm\"\n\t\t\t\tdata-src=\"https:\/\/ilsez-art.de\/wp-content\/gallery\/kaffee\/06-segelschiff-a.JPG\"\n\t\t\t\tdata-thumbnail=\"https:\/\/ilsez-art.de\/wp-content\/gallery\/kaffee\/thumbs\/thumbs_06-segelschiff-a.JPG\"\n\t\t\t\tdata-image-id=\"455\"\n\t\t\t\tdata-title=\"06-segelschiff-a\"\n\t\t\t\tdata-description=\"Segelschiff mit Rahnen 55x65cm\"\n\t\t\t\tdata-image-slug=\"06-segelschiff-a\"\n\t\t\t\tclass=\"ngg-fancybox\" rel=\"9615a32fa1c26e11f9cd4eab4e8a287d\">\n\t\t\t\t<img\n\t\t\t\t\ttitle=\"06-segelschiff-a\"\n\t\t\t\t\talt=\"06-segelschiff-a\"\n\t\t\t\t\tsrc=\"https:\/\/ilsez-art.de\/wp-content\/gallery\/kaffee\/thumbs\/thumbs_06-segelschiff-a.JPG\"\n\t\t\t\t\twidth=\"120\"\n\t\t\t\t\theight=\"90\"\n\t\t\t\t\tstyle=\"max-width:100%;\"\n\t\t\t\t\/>\n\t\t\t<\/a>\n\t\t<\/div>\n\t\t\t\t\t\t\t<\/div>\n\t\t\t\n\t\t\n\t\t\t\t<div id=\"ngg-image-5\" class=\"ngg-gallery-thumbnail-box\"\n\t\t\t\t\t\t\t\t\t\t\t>\n\t\t\t\t\t\t<div class=\"ngg-gallery-thumbnail\">\n\t\t\t<a href=\"https:\/\/ilsez-art.de\/wp-content\/gallery\/kaffee\/08-Buch-a.JPG\"\n\t\t\t\ttitle=\"Buch der W\u00f6rter mit Rahnen 55x65cm\"\n\t\t\t\tdata-src=\"https:\/\/ilsez-art.de\/wp-content\/gallery\/kaffee\/08-Buch-a.JPG\"\n\t\t\t\tdata-thumbnail=\"https:\/\/ilsez-art.de\/wp-content\/gallery\/kaffee\/thumbs\/thumbs_08-Buch-a.JPG\"\n\t\t\t\tdata-image-id=\"456\"\n\t\t\t\tdata-title=\"08-Buch-a\"\n\t\t\t\tdata-description=\"Buch der W\u00f6rter mit Rahnen 55x65cm\"\n\t\t\t\tdata-image-slug=\"08-buch-a\"\n\t\t\t\tclass=\"ngg-fancybox\" rel=\"9615a32fa1c26e11f9cd4eab4e8a287d\">\n\t\t\t\t<img\n\t\t\t\t\ttitle=\"08-Buch-a\"\n\t\t\t\t\talt=\"08-Buch-a\"\n\t\t\t\t\tsrc=\"https:\/\/ilsez-art.de\/wp-content\/gallery\/kaffee\/thumbs\/thumbs_08-Buch-a.JPG\"\n\t\t\t\t\twidth=\"120\"\n\t\t\t\t\theight=\"90\"\n\t\t\t\t\tstyle=\"max-width:100%;\"\n\t\t\t\t\/>\n\t\t\t<\/a>\n\t\t<\/div>\n\t\t\t\t\t\t\t<\/div>\n\t\t\t\n\t\t\n\t\t\t\t<div id=\"ngg-image-6\" class=\"ngg-gallery-thumbnail-box\"\n\t\t\t\t\t\t\t\t\t\t\t>\n\t\t\t\t\t\t<div class=\"ngg-gallery-thumbnail\">\n\t\t\t<a href=\"https:\/\/ilsez-art.de\/wp-content\/gallery\/kaffee\/09-Kaffee-und-Musik-a.png\"\n\t\t\t\ttitle=\"Kaffee und Musik mit Rahnen 55x65cm\"\n\t\t\t\tdata-src=\"https:\/\/ilsez-art.de\/wp-content\/gallery\/kaffee\/09-Kaffee-und-Musik-a.png\"\n\t\t\t\tdata-thumbnail=\"https:\/\/ilsez-art.de\/wp-content\/gallery\/kaffee\/thumbs\/thumbs_09-Kaffee-und-Musik-a.png\"\n\t\t\t\tdata-image-id=\"458\"\n\t\t\t\tdata-title=\"09-Kaffee-und-Musik-a\"\n\t\t\t\tdata-description=\"Kaffee und Musik mit Rahnen 55x65cm\"\n\t\t\t\tdata-image-slug=\"09-kaffee-und-musik-a\"\n\t\t\t\tclass=\"ngg-fancybox\" rel=\"9615a32fa1c26e11f9cd4eab4e8a287d\">\n\t\t\t\t<img\n\t\t\t\t\ttitle=\"09-Kaffee-und-Musik-a\"\n\t\t\t\t\talt=\"09-Kaffee-und-Musik-a\"\n\t\t\t\t\tsrc=\"https:\/\/ilsez-art.de\/wp-content\/gallery\/kaffee\/thumbs\/thumbs_09-Kaffee-und-Musik-a.png\"\n\t\t\t\t\twidth=\"120\"\n\t\t\t\t\theight=\"90\"\n\t\t\t\t\tstyle=\"max-width:100%;\"\n\t\t\t\t\/>\n\t\t\t<\/a>\n\t\t<\/div>\n\t\t\t\t\t\t\t<\/div>\n\t\t\t\n\t\t\n\t\t\t\t<div id=\"ngg-image-7\" class=\"ngg-gallery-thumbnail-box\"\n\t\t\t\t\t\t\t\t\t\t\t>\n\t\t\t\t\t\t<div class=\"ngg-gallery-thumbnail\">\n\t\t\t<a href=\"https:\/\/ilsez-art.de\/wp-content\/gallery\/kaffee\/03-Kaffeepflueckerin2-a.JPG\"\n\t\t\t\ttitle=\"Kaffeepfl\u00fcckerin mit Rahnen 55x65cm\"\n\t\t\t\tdata-src=\"https:\/\/ilsez-art.de\/wp-content\/gallery\/kaffee\/03-Kaffeepflueckerin2-a.JPG\"\n\t\t\t\tdata-thumbnail=\"https:\/\/ilsez-art.de\/wp-content\/gallery\/kaffee\/thumbs\/thumbs_03-Kaffeepflueckerin2-a.JPG\"\n\t\t\t\tdata-image-id=\"460\"\n\t\t\t\tdata-title=\"03-Kaffeepflueckerin2-a\"\n\t\t\t\tdata-description=\"Kaffeepfl\u00fcckerin mit Rahnen 55x65cm\"\n\t\t\t\tdata-image-slug=\"03-kaffeepflueckerin2-a\"\n\t\t\t\tclass=\"ngg-fancybox\" rel=\"9615a32fa1c26e11f9cd4eab4e8a287d\">\n\t\t\t\t<img\n\t\t\t\t\ttitle=\"03-Kaffeepflueckerin2-a\"\n\t\t\t\t\talt=\"03-Kaffeepflueckerin2-a\"\n\t\t\t\t\tsrc=\"https:\/\/ilsez-art.de\/wp-content\/gallery\/kaffee\/thumbs\/thumbs_03-Kaffeepflueckerin2-a.JPG\"\n\t\t\t\t\twidth=\"120\"\n\t\t\t\t\theight=\"90\"\n\t\t\t\t\tstyle=\"max-width:100%;\"\n\t\t\t\t\/>\n\t\t\t<\/a>\n\t\t<\/div>\n\t\t\t\t\t\t\t<\/div>\n\t\t\t\n\t\t\n\t\t\t\t<div id=\"ngg-image-8\" class=\"ngg-gallery-thumbnail-box\"\n\t\t\t\t\t\t\t\t\t\t\t>\n\t\t\t\t\t\t<div class=\"ngg-gallery-thumbnail\">\n\t\t\t<a href=\"https:\/\/ilsez-art.de\/wp-content\/gallery\/kaffee\/Kaffeefleck-a.jpg\"\n\t\t\t\ttitle=\"Kaffeefleck\"\n\t\t\t\tdata-src=\"https:\/\/ilsez-art.de\/wp-content\/gallery\/kaffee\/Kaffeefleck-a.jpg\"\n\t\t\t\tdata-thumbnail=\"https:\/\/ilsez-art.de\/wp-content\/gallery\/kaffee\/thumbs\/thumbs_Kaffeefleck-a.jpg\"\n\t\t\t\tdata-image-id=\"543\"\n\t\t\t\tdata-title=\"Kaffeefleck\"\n\t\t\t\tdata-description=\"Kaffeefleck\"\n\t\t\t\tdata-image-slug=\"kaffeefleck-a\"\n\t\t\t\tclass=\"ngg-fancybox\" rel=\"9615a32fa1c26e11f9cd4eab4e8a287d\">\n\t\t\t\t<img\n\t\t\t\t\ttitle=\"Kaffeefleck\"\n\t\t\t\t\talt=\"Kaffeefleck\"\n\t\t\t\t\tsrc=\"https:\/\/ilsez-art.de\/wp-content\/gallery\/kaffee\/thumbs\/thumbs_Kaffeefleck-a.jpg\"\n\t\t\t\t\twidth=\"120\"\n\t\t\t\t\theight=\"90\"\n\t\t\t\t\tstyle=\"max-width:100%;\"\n\t\t\t\t\/>\n\t\t\t<\/a>\n\t\t<\/div>\n\t\t\t\t\t\t\t<\/div>\n\t\t\t\n\t\t\n\t\t\t\t<div id=\"ngg-image-9\" class=\"ngg-gallery-thumbnail-box\"\n\t\t\t\t\t\t\t\t\t\t\t>\n\t\t\t\t\t\t<div class=\"ngg-gallery-thumbnail\">\n\t\t\t<a href=\"https:\/\/ilsez-art.de\/wp-content\/gallery\/kaffee\/Goldkaffee2-a.JPG\"\n\t\t\t\ttitle=\"Goldkaffee 2 mit Rahmen 40x50cm\"\n\t\t\t\tdata-src=\"https:\/\/ilsez-art.de\/wp-content\/gallery\/kaffee\/Goldkaffee2-a.JPG\"\n\t\t\t\tdata-thumbnail=\"https:\/\/ilsez-art.de\/wp-content\/gallery\/kaffee\/thumbs\/thumbs_Goldkaffee2-a.JPG\"\n\t\t\t\tdata-image-id=\"544\"\n\t\t\t\tdata-title=\"Goldkaffee\"\n\t\t\t\tdata-description=\"Goldkaffee 2 mit Rahmen 40x50cm\"\n\t\t\t\tdata-image-slug=\"goldkaffee2-a\"\n\t\t\t\tclass=\"ngg-fancybox\" rel=\"9615a32fa1c26e11f9cd4eab4e8a287d\">\n\t\t\t\t<img\n\t\t\t\t\ttitle=\"Goldkaffee\"\n\t\t\t\t\talt=\"Goldkaffee\"\n\t\t\t\t\tsrc=\"https:\/\/ilsez-art.de\/wp-content\/gallery\/kaffee\/thumbs\/thumbs_Goldkaffee2-a.JPG\"\n\t\t\t\t\twidth=\"120\"\n\t\t\t\t\theight=\"90\"\n\t\t\t\t\tstyle=\"max-width:100%;\"\n\t\t\t\t\/>\n\t\t\t<\/a>\n\t\t<\/div>\n\t\t\t\t\t\t\t<\/div>\n\t\t\t\n\t\t\n\t\t\t\t<div id=\"ngg-image-10\" class=\"ngg-gallery-thumbnail-box\"\n\t\t\t\t\t\t\t\t\t\t\t>\n\t\t\t\t\t\t<div class=\"ngg-gallery-thumbnail\">\n\t\t\t<a href=\"https:\/\/ilsez-art.de\/wp-content\/gallery\/kaffee\/Kaffeemuehle-a.jpg\"\n\t\t\t\ttitle=\"Guten Morgen\"\n\t\t\t\tdata-src=\"https:\/\/ilsez-art.de\/wp-content\/gallery\/kaffee\/Kaffeemuehle-a.jpg\"\n\t\t\t\tdata-thumbnail=\"https:\/\/ilsez-art.de\/wp-content\/gallery\/kaffee\/thumbs\/thumbs_Kaffeemuehle-a.jpg\"\n\t\t\t\tdata-image-id=\"545\"\n\t\t\t\tdata-title=\"Kaffeemuehle\"\n\t\t\t\tdata-description=\"Guten Morgen\"\n\t\t\t\tdata-image-slug=\"kaffeemuehle-a\"\n\t\t\t\tclass=\"ngg-fancybox\" rel=\"9615a32fa1c26e11f9cd4eab4e8a287d\">\n\t\t\t\t<img\n\t\t\t\t\ttitle=\"Kaffeemuehle\"\n\t\t\t\t\talt=\"Kaffeemuehle\"\n\t\t\t\t\tsrc=\"https:\/\/ilsez-art.de\/wp-content\/gallery\/kaffee\/thumbs\/thumbs_Kaffeemuehle-a.jpg\"\n\t\t\t\t\twidth=\"120\"\n\t\t\t\t\theight=\"90\"\n\t\t\t\t\tstyle=\"max-width:100%;\"\n\t\t\t\t\/>\n\t\t\t<\/a>\n\t\t<\/div>\n\t\t\t\t\t\t\t<\/div>\n\t\t\t\n\t\t\n\t\t\t\t<div id=\"ngg-image-11\" class=\"ngg-gallery-thumbnail-box\"\n\t\t\t\t\t\t\t\t\t\t\t>\n\t\t\t\t\t\t<div class=\"ngg-gallery-thumbnail\">\n\t\t\t<a href=\"https:\/\/ilsez-art.de\/wp-content\/gallery\/kaffee\/Cupcakes-2-a.jpg\"\n\t\t\t\ttitle=\"Cupcakes, 40x50cm, auf Aquarellpapier \/Rahmen: 50x60cm\"\n\t\t\t\tdata-src=\"https:\/\/ilsez-art.de\/wp-content\/gallery\/kaffee\/Cupcakes-2-a.jpg\"\n\t\t\t\tdata-thumbnail=\"https:\/\/ilsez-art.de\/wp-content\/gallery\/kaffee\/thumbs\/thumbs_Cupcakes-2-a.jpg\"\n\t\t\t\tdata-image-id=\"314\"\n\t\t\t\tdata-title=\"Cupcakes\"\n\t\t\t\tdata-description=\"Cupcakes, 40x50cm, auf Aquarellpapier \/Rahmen: 50x60cm\"\n\t\t\t\tdata-image-slug=\"cupcakes-2-a\"\n\t\t\t\tclass=\"ngg-fancybox\" rel=\"9615a32fa1c26e11f9cd4eab4e8a287d\">\n\t\t\t\t<img\n\t\t\t\t\ttitle=\"Cupcakes\"\n\t\t\t\t\talt=\"Cupcakes\"\n\t\t\t\t\tsrc=\"https:\/\/ilsez-art.de\/wp-content\/gallery\/kaffee\/thumbs\/thumbs_Cupcakes-2-a.jpg\"\n\t\t\t\t\twidth=\"120\"\n\t\t\t\t\theight=\"90\"\n\t\t\t\t\tstyle=\"max-width:100%;\"\n\t\t\t\t\/>\n\t\t\t<\/a>\n\t\t<\/div>\n\t\t\t\t\t\t\t<\/div>\n\t\t\t\n\t\t\n\t\t\t\t<div id=\"ngg-image-12\" class=\"ngg-gallery-thumbnail-box\"\n\t\t\t\t\t\t\t\t\t\t\t>\n\t\t\t\t\t\t<div class=\"ngg-gallery-thumbnail\">\n\t\t\t<a href=\"https:\/\/ilsez-art.de\/wp-content\/gallery\/kaffee\/Aber-bitte-mit-Sahne-a.jpg\"\n\t\t\t\ttitle=\"Aber bitte mit Sahne, 24x32cm, auf Aquarellpapier 300g, \/ Rahmen 30x40cm\"\n\t\t\t\tdata-src=\"https:\/\/ilsez-art.de\/wp-content\/gallery\/kaffee\/Aber-bitte-mit-Sahne-a.jpg\"\n\t\t\t\tdata-thumbnail=\"https:\/\/ilsez-art.de\/wp-content\/gallery\/kaffee\/thumbs\/thumbs_Aber-bitte-mit-Sahne-a.jpg\"\n\t\t\t\tdata-image-id=\"312\"\n\t\t\t\tdata-title=\"Aber bitte mit Sahne\"\n\t\t\t\tdata-description=\"Aber bitte mit Sahne, 24x32cm, auf Aquarellpapier 300g, \/ Rahmen 30x40cm\"\n\t\t\t\tdata-image-slug=\"aber-bitte-mit-sahne-a\"\n\t\t\t\tclass=\"ngg-fancybox\" rel=\"9615a32fa1c26e11f9cd4eab4e8a287d\">\n\t\t\t\t<img\n\t\t\t\t\ttitle=\"Aber bitte mit Sahne\"\n\t\t\t\t\talt=\"Aber bitte mit Sahne\"\n\t\t\t\t\tsrc=\"https:\/\/ilsez-art.de\/wp-content\/gallery\/kaffee\/thumbs\/thumbs_Aber-bitte-mit-Sahne-a.jpg\"\n\t\t\t\t\twidth=\"120\"\n\t\t\t\t\theight=\"90\"\n\t\t\t\t\tstyle=\"max-width:100%;\"\n\t\t\t\t\/>\n\t\t\t<\/a>\n\t\t<\/div>\n\t\t\t\t\t\t\t<\/div>\n\t\t\t\n\t\t\n\t\t\t\t<div id=\"ngg-image-13\" class=\"ngg-gallery-thumbnail-box\"\n\t\t\t\t\t\t\t\t\t\t\t>\n\t\t\t\t\t\t<div class=\"ngg-gallery-thumbnail\">\n\t\t\t<a href=\"https:\/\/ilsez-art.de\/wp-content\/gallery\/kaffee\/Nassauer-Z.-1.jpg\"\n\t\t\t\ttitle=\"Nassauer, 40x50cm, auf Aquarellpapier \/ Rahmen: 50x60cm\"\n\t\t\t\tdata-src=\"https:\/\/ilsez-art.de\/wp-content\/gallery\/kaffee\/Nassauer-Z.-1.jpg\"\n\t\t\t\tdata-thumbnail=\"https:\/\/ilsez-art.de\/wp-content\/gallery\/kaffee\/thumbs\/thumbs_Nassauer-Z.-1.jpg\"\n\t\t\t\tdata-image-id=\"223\"\n\t\t\t\tdata-title=\"Nassauer Z. 1\"\n\t\t\t\tdata-description=\"Nassauer, 40x50cm, auf Aquarellpapier \/ Rahmen: 50x60cm\"\n\t\t\t\tdata-image-slug=\"nassauer-z-1\"\n\t\t\t\tclass=\"ngg-fancybox\" rel=\"9615a32fa1c26e11f9cd4eab4e8a287d\">\n\t\t\t\t<img\n\t\t\t\t\ttitle=\"Nassauer Z. 1\"\n\t\t\t\t\talt=\"Nassauer Z. 1\"\n\t\t\t\t\tsrc=\"https:\/\/ilsez-art.de\/wp-content\/gallery\/kaffee\/thumbs\/thumbs_Nassauer-Z.-1.jpg\"\n\t\t\t\t\twidth=\"120\"\n\t\t\t\t\theight=\"90\"\n\t\t\t\t\tstyle=\"max-width:100%;\"\n\t\t\t\t\/>\n\t\t\t<\/a>\n\t\t<\/div>\n\t\t\t\t\t\t\t<\/div>\n\t\t\t\n\t\t\n\t\t\t\t<div id=\"ngg-image-14\" class=\"ngg-gallery-thumbnail-box\"\n\t\t\t\t\t\t\t\t\t\t\t>\n\t\t\t\t\t\t<div class=\"ngg-gallery-thumbnail\">\n\t\t\t<a href=\"https:\/\/ilsez-art.de\/wp-content\/gallery\/kaffee\/Kaffee-Kunst.JPG\"\n\t\t\t\ttitle=\"Kaffee-Kunst, 30x40cm, auf Aquarellpapier  \/Rahmen: 40x50cm\"\n\t\t\t\tdata-src=\"https:\/\/ilsez-art.de\/wp-content\/gallery\/kaffee\/Kaffee-Kunst.JPG\"\n\t\t\t\tdata-thumbnail=\"https:\/\/ilsez-art.de\/wp-content\/gallery\/kaffee\/thumbs\/thumbs_Kaffee-Kunst.JPG\"\n\t\t\t\tdata-image-id=\"215\"\n\t\t\t\tdata-title=\"Kaffee-Kunst\"\n\t\t\t\tdata-description=\"Kaffee-Kunst, 30x40cm, auf Aquarellpapier  \/Rahmen: 40x50cm\"\n\t\t\t\tdata-image-slug=\"kaffee-kunst\"\n\t\t\t\tclass=\"ngg-fancybox\" rel=\"9615a32fa1c26e11f9cd4eab4e8a287d\">\n\t\t\t\t<img\n\t\t\t\t\ttitle=\"Kaffee-Kunst\"\n\t\t\t\t\talt=\"Kaffee-Kunst\"\n\t\t\t\t\tsrc=\"https:\/\/ilsez-art.de\/wp-content\/gallery\/kaffee\/thumbs\/thumbs_Kaffee-Kunst.JPG\"\n\t\t\t\t\twidth=\"120\"\n\t\t\t\t\theight=\"90\"\n\t\t\t\t\tstyle=\"max-width:100%;\"\n\t\t\t\t\/>\n\t\t\t<\/a>\n\t\t<\/div>\n\t\t\t\t\t\t\t<\/div>\n\t\t\t\n\t\t\n\t\t\t\t<div id=\"ngg-image-15\" class=\"ngg-gallery-thumbnail-box\"\n\t\t\t\t\t\t\t\t\t\t\t>\n\t\t\t\t\t\t<div class=\"ngg-gallery-thumbnail\">\n\t\t\t<a href=\"https:\/\/ilsez-art.de\/wp-content\/gallery\/kaffee\/Goldkaffee.JPG\"\n\t\t\t\ttitle=\"Goldkaffee, 30x40cm, auf Aquarellpapier Rahmen: 40x50cm\"\n\t\t\t\tdata-src=\"https:\/\/ilsez-art.de\/wp-content\/gallery\/kaffee\/Goldkaffee.JPG\"\n\t\t\t\tdata-thumbnail=\"https:\/\/ilsez-art.de\/wp-content\/gallery\/kaffee\/thumbs\/thumbs_Goldkaffee.JPG\"\n\t\t\t\tdata-image-id=\"211\"\n\t\t\t\tdata-title=\"Goldkaffee\"\n\t\t\t\tdata-description=\"Goldkaffee, 30x40cm, auf Aquarellpapier Rahmen: 40x50cm\"\n\t\t\t\tdata-image-slug=\"goldkaffee\"\n\t\t\t\tclass=\"ngg-fancybox\" rel=\"9615a32fa1c26e11f9cd4eab4e8a287d\">\n\t\t\t\t<img\n\t\t\t\t\ttitle=\"Goldkaffee\"\n\t\t\t\t\talt=\"Goldkaffee\"\n\t\t\t\t\tsrc=\"https:\/\/ilsez-art.de\/wp-content\/gallery\/kaffee\/thumbs\/thumbs_Goldkaffee.JPG\"\n\t\t\t\t\twidth=\"120\"\n\t\t\t\t\theight=\"90\"\n\t\t\t\t\tstyle=\"max-width:100%;\"\n\t\t\t\t\/>\n\t\t\t<\/a>\n\t\t<\/div>\n\t\t\t\t\t\t\t<\/div>\n\t\t\t\n\t\t\n\t\t\t\t<div id=\"ngg-image-16\" class=\"ngg-gallery-thumbnail-box\"\n\t\t\t\t\t\t\t\t\t\t\t>\n\t\t\t\t\t\t<div class=\"ngg-gallery-thumbnail\">\n\t\t\t<a href=\"https:\/\/ilsez-art.de\/wp-content\/gallery\/kaffee\/Fr%C3%BChlingsbote.JPG\"\n\t\t\t\ttitle=\"Fr\u00fchlingsbote, 30x46cm, auf Aquarellpapier \/Rahmen: 40x60cm\"\n\t\t\t\tdata-src=\"https:\/\/ilsez-art.de\/wp-content\/gallery\/kaffee\/Fr%C3%BChlingsbote.JPG\"\n\t\t\t\tdata-thumbnail=\"https:\/\/ilsez-art.de\/wp-content\/gallery\/kaffee\/thumbs\/thumbs_Fr%C3%BChlingsbote.JPG\"\n\t\t\t\tdata-image-id=\"210\"\n\t\t\t\tdata-title=\"Fr\u00fchlingsbote\"\n\t\t\t\tdata-description=\"Fr\u00fchlingsbote, 30x46cm, auf Aquarellpapier \/Rahmen: 40x60cm\"\n\t\t\t\tdata-image-slug=\"fr%c3%bchlingsbote-1\"\n\t\t\t\tclass=\"ngg-fancybox\" rel=\"9615a32fa1c26e11f9cd4eab4e8a287d\">\n\t\t\t\t<img\n\t\t\t\t\ttitle=\"Fr\u00fchlingsbote\"\n\t\t\t\t\talt=\"Fr\u00fchlingsbote\"\n\t\t\t\t\tsrc=\"https:\/\/ilsez-art.de\/wp-content\/gallery\/kaffee\/thumbs\/thumbs_Fr%C3%BChlingsbote.JPG\"\n\t\t\t\t\twidth=\"120\"\n\t\t\t\t\theight=\"90\"\n\t\t\t\t\tstyle=\"max-width:100%;\"\n\t\t\t\t\/>\n\t\t\t<\/a>\n\t\t<\/div>\n\t\t\t\t\t\t\t<\/div>\n\t\t\t\n\t\t\n\t\t\t\t<div id=\"ngg-image-17\" class=\"ngg-gallery-thumbnail-box\"\n\t\t\t\t\t\t\t\t\t\t\t>\n\t\t\t\t\t\t<div class=\"ngg-gallery-thumbnail\">\n\t\t\t<a href=\"https:\/\/ilsez-art.de\/wp-content\/gallery\/kaffee\/Abschied.JPG\"\n\t\t\t\ttitle=\"Abschied, 30x40cm, auf Aquarellpapier \/ Rahmen: 40x50cm\"\n\t\t\t\tdata-src=\"https:\/\/ilsez-art.de\/wp-content\/gallery\/kaffee\/Abschied.JPG\"\n\t\t\t\tdata-thumbnail=\"https:\/\/ilsez-art.de\/wp-content\/gallery\/kaffee\/thumbs\/thumbs_Abschied.JPG\"\n\t\t\t\tdata-image-id=\"207\"\n\t\t\t\tdata-title=\"Abschied\"\n\t\t\t\tdata-description=\"Abschied, 30x40cm, auf Aquarellpapier \/ Rahmen: 40x50cm\"\n\t\t\t\tdata-image-slug=\"abschied\"\n\t\t\t\tclass=\"ngg-fancybox\" rel=\"9615a32fa1c26e11f9cd4eab4e8a287d\">\n\t\t\t\t<img\n\t\t\t\t\ttitle=\"Abschied\"\n\t\t\t\t\talt=\"Abschied\"\n\t\t\t\t\tsrc=\"https:\/\/ilsez-art.de\/wp-content\/gallery\/kaffee\/thumbs\/thumbs_Abschied.JPG\"\n\t\t\t\t\twidth=\"120\"\n\t\t\t\t\theight=\"90\"\n\t\t\t\t\tstyle=\"max-width:100%;\"\n\t\t\t\t\/>\n\t\t\t<\/a>\n\t\t<\/div>\n\t\t\t\t\t\t\t<\/div>\n\t\t\t\n\t\t\n\t\t\n\t\t<!-- Pagination -->\n\t\t<div class='ngg-clear'><\/div>\t<\/div>\n<\/p>\n","protected":false},"excerpt":{"rendered":"<p>Ich wurde im Jahr 2008 durch Malfreunde auf diese Malerei aufmerksam gemacht und war sofort davon fasziniert. Dann habe ich \u00fcber 6 Monate experimentiert bis ich mit den Ergebnissen zufrieden war. Ich wollte wissen, wie viel Farbe im Kaffee steckt! F\u00fcr diese\u00a0 Malerei benutze ich ausschlie\u00dflich Kaffee. Diese Art zu malen erinnerte mich an die &hellip; <a href=\"https:\/\/ilsez-art.de\/?page_id=85\" class=\"more-link\"><span class=\"screen-reader-text\">Kaffeemalerei<\/span> weiterlesen <span class=\"meta-nav\">&rarr;<\/span><\/a><\/p>\n","protected":false},"author":1,"featured_media":0,"parent":0,"menu_order":0,"comment_status":"open","ping_status":"closed","template":"","meta":{"ngg_post_thumbnail":0,"footnotes":""},"class_list":["post-85","page","type-page","status-publish","hentry"],"_links":{"self":[{"href":"https:\/\/ilsez-art.de\/index.php?rest_route=\/wp\/v2\/pages\/85","targetHints":{"allow":["GET"]}}],"collection":[{"href":"https:\/\/ilsez-art.de\/index.php?rest_route=\/wp\/v2\/pages"}],"about":[{"href":"https:\/\/ilsez-art.de\/index.php?rest_route=\/wp\/v2\/types\/page"}],"author":[{"embeddable":true,"href":"https:\/\/ilsez-art.de\/index.php?rest_route=\/wp\/v2\/users\/1"}],"replies":[{"embeddable":true,"href":"https:\/\/ilsez-art.de\/index.php?rest_route=%2Fwp%2Fv2%2Fcomments&post=85"}],"version-history":[{"count":8,"href":"https:\/\/ilsez-art.de\/index.php?rest_route=\/wp\/v2\/pages\/85\/revisions"}],"predecessor-version":[{"id":2095,"href":"https:\/\/ilsez-art.de\/index.php?rest_route=\/wp\/v2\/pages\/85\/revisions\/2095"}],"wp:attachment":[{"href":"https:\/\/ilsez-art.de\/index.php?rest_route=%2Fwp%2Fv2%2Fmedia&parent=85"}],"curies":[{"name":"wp","href":"https:\/\/api.w.org\/{rel}","templated":true}]}}